 c = -89165 - -89171. Calculate z(c).
-7
Let f(m) = -9755 + 70*m + 27829 - 9090 - 10308. Determine f(19).
6
Let p(s) be the third derivative of -s**6/120 - 2*s**5/15 - 2*s**4/3 + 3*s**2 - 294*s. Give p(-4).
0
Let m(w) = -w**3 - 4*w**2 + 5*w - 4. Let u = 33 + -31. Let x be u + -2*(3 + -4). Let g be (7/(-4) + 2/4)*x. What is m(g)?
-4
Let m(p) = -64*p + 4260. Let q be m(66). Let i(v) = v**3 - 38*v**2 + 75*v - 115. Give i(q).
-7
Let g(o) = -4*o - 4. Suppose 4*f - 8*f - 3*w - 100 = 0, 5*f + 132 = -2*w. Let y be (-8)/f + (240/14)/(-4). Determine g(y).
12
Let k(w) = -2*w**2 + 2*w + 5. Let c = 3742 - 3740. What is k(c)?
1
Let u(q) = q**3 + 76*q**2 - 760*q + 425. Let h be u(-85). Let n(w) = 27*w - 1. Calculate n(h).
-1
Let z(l) = -l**2 + 3*l + 6. Suppose 0 = -5*u - 4*j - 12, 2*j = 4*u + j - 3. Suppose -i - 3*i - 180 = u. Let r = -40 - i. What is z(r)?
-4
Let p(a) be the second derivative of -a**6/720 + a**5/60 + 239*a**4/12 - 74*a. Let i(v) be the third derivative of p(v). Calculate i(0).
2
Let n(q) = 352*q + 11*q**2 + 17 - 340*q - 13*q**2. Calculate n(8).
-15
Let s(m) = m + 7. Let z be -16*4/(-56)*(-14)/(-4). Let u be 3/2 - (7 + (-6)/z). Determine s(u).
3
Let g(m) = -6*m - 4. Let r(b) = -13*b - 9. Let h(f) = -7*g(f) + 3*r(f). Let o be ((-3)/(-2))/((-60)/(-9040)). Let n = -221 + o. What is h(n)?
16
Let z be (1/4)/(1/8). Suppose 2*q - z*f = -6, 4*q - 7*f = -6*f - 21. Let y = q - -6. Let m(j) = j**3 - 2. Determine m(y).
-2
Let v(y) = y**2 + 32*y + 212. Let t be v(-21). Let o(b) = -2*b**2 - 41*b - 20. Calculate o(t).
37
Let q(r) = 4*r**3 - 19*r**2 + 63*r + 22. Let w(k) = -25*k**3 + 110*k**2 - 380*k - 131. Let n(o) = 19*q(o) + 3*w(o). Determine n(29).
-4
Let z(g) = g. Let f be 1/(15/20)*(-6)/(-4). Suppose -f*o - 12 = 2*o. Let q be ((-22)/6 - -2)*o. What is z(q)?
5
Let q(j) = 77*j**2 - 11*j - 6. Let f(l) = -38*l**2 - 2*l - 1. Let v(r) = -2*f(r) - q(r). Calculate v(0).
8
Suppose -78*s - 173 - 10 - 129 = 0. Let k(g) = -g**2 - 5*g - 8. Give k(s).
-4
Let z(d) = d**3 + 7*d**2 - 4*d - 8. Let w(k) be the second derivative of k**5/20 + 4*k. Let l(p) = -2*w(p) + z(p). Let t = 1039 - 1033. Determine l(t).
4
Let k(x) = 3*x - 498. Let l be k(0). Let a = l + 508. Let v(n) = n - 6. Calculate v(a).
4
Let g(o) = 5*o**2 - 3. Let k(q) = 3*q**2 - 2. Let t(c) = 5*g(c) - 8*k(c). Let m(f) = -2*f**2 - 3*f + 4 + 3 - 8 + 0. Let x(l) = m(l) + 3*t(l). What is x(4)?
6
Suppose -56*s - 25*s - 565 = 32*s. Let b(a) = a**2 + 8*a + 6. What is b(s)?
-9
Suppose 59*d + 735 = 61*d - 107*d. Let i(n) be the first derivative of -n**4/4 - 8*n**3/3 - 5*n**2/2 + 9*n - 1. Determine i(d).
-5
Suppose -6*r = -r - 15. Suppose 5*u - 23 = -3*j + 6, 2*u + 2*j = 14. Let m(i) = -u*i**3 - i**2 - 7*i**2 + 11*i**2 + 3*i**3 + i. Determine m(r).
3
Let d(l) be the second derivative of -l**4 - 11*l**3/6 - 5*l**2 + 934*l - 8. Calculate d(-1).
-11
Let m(n) = n**2 - 34*n + 41. Let d be m(33). Suppose 16 = -4*q + s + 3*s, -q - 3*s = -d. Let o(l) = -12*l**2 + l + 1. Calculate o(q).
-12
Suppose -21*w + 6*w + 345 = 0. Let a(i) = -3*i + 5 + w - 16. Determine a(8).
-12
Let c(q) be the third derivative of -q**6/120 - q**5/10 - q**4/2 + q**3/3 - 6*q**2. Determine c(-5).
37
Let k be -6 - 4 - 0/25. Let b(w) = -13*w - 114. Determine b(k).
16
Let b be 208/8 - (2 - -3). Let x(y) = -14*y + 42*y - b*y + y**2 + 5. What is x(-5)?
-5
Let m be ((-8)/(-28))/((-10)/(-105)). Suppose -7*b = -m*b + 8, d + 5*b + 9 = 0. Let a(j) = -6*j**2 + j - 1. Calculate a(d).
-6
Let j(u) = 5*u + 54. Let m be 16/72 + 1/((-27)/303). Determine j(m).
-1
Let s be 10/(-5) - (3 + (-30)/5). Let u(w) = 3*w + s + 0 - 5*w + w. Suppose 10 = 3*y - 8. What is u(y)?
-5
Let x(z) = 10*z**3 + z**2 - 4*z + 2. Let c be (-20)/220 - (-60)/55. Give x(c).
9
Let n(y) be the first derivative of 2*y**3/3 - 3*y**2/2 - 2*y + 5173. Determine n(0).
-2
Let m = -3435 + 3429. Let o(a) = -14 + 8 + 10*a - 8*a. Give o(m).
-18
Let n(o) = -239*o**2 + 2*o + 387*o**2 - 144*o**2 - 2. What is n(-2)?
10
Let d(w) be the second derivative of -w**4/6 + 25*w**3/6 - 13*w**2 + 1841*w. Give d(11).
7
Let n(q) = q**3 - 11*q**2 + 7*q + 14. Suppose -2*w + 24 = 3*d, 56*w + 12 = 3*d + 62*w. Give n(d).
-16
Suppose 165*a + 183 = -18*a. Let v(l) = 19*l + 17. Calculate v(a).
-2
Suppose h - 5*q = -8*q - 14, 3*h = -4*q - 52. Let t(w) = -2*w - 63. What is t(h)?
-23
Let a be (41 + -25)*2/(11 - 3). Let b(y) = -6*y**2 + y - 6. Let d(m) = 7*m**2 - m + 7. Let h(p) = 6*b(p) + 5*d(p). Determine h(a).
-13
Let n(i) = -i**2 - 4*i - 1. Let r be n(-4). Suppose -3*h - 12 = h - 4*b, 0 = h - 5*b + 15. Let t(x) = 3*x**2 + 1 + 20*x**2 + h - 2*x + 3*x. Give t(r).
23
Let r(x) = -10*x + 140573 - 70289 - 70270. What is r(2)?
-6
Let c(z) = -z**3 - 4*z**2 - 18. Let w be (0 - 1)*238/34 + 2 + -1. Calculate c(w).
54
Let n(v) = v - 34*v**3 + 67*v**3 - 6 - 34*v**3 - 3*v + 5*v**2. Let q be n(3). Let m(o) = o**2 - 4*o - 8. Calculate m(q).
4
Suppose -45 = -2*m - 15. Let d(x) = -x**2 - m + 2 + 4 - 13 - 16*x. Give d(-14).
6
Let q(b) = b + 22. Let t be 10/(0 + 7 + -5). Suppose -f = -t*w + 5 - 0, 2*f - 2 = -2*w. Give q(f).
22
Let c = -31 - 452. Let n = c - -479. Let f(b) = 2 - 3 - 3 - b. Calculate f(n).
0
Suppose 4*b + 36 = 12. Let z(h) be the third derivative of -h**7/5040 - h**6/180 - h**5/15 - h**2. Let i(c) be the third derivative of z(c). What is i(b)?
2
Let c(n) = -2*n**2 + 12*n - 15. Let q be (-14)/(-2)*20/35. Determine c(q).
1
Suppose 10 = -2*g, 2*l + 158 - 203 = -g. Let p(i) = -i**2 + 23*i + 43. Give p(l).
-7
Let k(a) = 136 - 84 - 1 - 5*a - 78. Give k(8).
-67
Let a(k) be the first derivative of k**5/60 + k**4/6 + 9*k**3 - k**2 - 15. Let w(f) be the third derivative of a(f). Give w(-5).
-6
Let x(b) = b**2 - 6*b - 2. Let c be x(5). Let r(z) be the third derivative of 0 + 1/6*z**4 - 2*z - 3/2*z**3 + 3*z**2 + 2/15*z**5 + 1/120*z**6. Give r(c).
12
Let i(n) = -6596 + 14*n + n**2 + 6583 - 6*n. Let w = -46 - -37. Give i(w).
-4
Let s be 3 - (22/33)/(20/(-150)). Let d(h) = -7*h + 78. Give d(s).
22
Let n(h) be the first derivative of -13*h**2/2 + 7*h - 239. Let d(u) = 11*u - 6. Let r(t) = 4*d(t) + 3*n(t). Determine r(-5).
-28
Let g = -168612 + 168616. Let k(u) = -4 + u**3 + 2*u**3 - 3*u**2 - 2*u - 2*u**3. Give k(g).
4
Let h(s) = s**2 - 7*s + 7. Suppose 5*v = -4*y - 14 + 11, 13 = -3*v - 4*y. Give h(v).
-3
Let l(m) = m**2 - 7*m - 3. Let y(v) = -28*v + 120. Let k be (6 + (-35)/14)*(-16)/(-14). Let f be y(k). Give l(f).
5
Let u(n) = -17*n - 80. Let c be u(-4). Let h be (-2 + 5)/(9/c). Let f(r) = r**2 + 5*r + 5. Determine f(h).
1
Let b(t) = 5*t + 17. Let l(w) = 6*w**2 + 135*w + 182. Let v be l(-21). Calculate b(v).
-18
Let j be (-2)/6 + (-114)/(-18). Suppose 3*d - 14 - 20 = -4*n, 5*n = -2*d + 32. Let l(k) = 3 + k**3 + 0 - d*k + 6*k**2 - 11*k**2 + k. Calculate l(j).
9
Suppose -4*k + 2 + 6 = 0. Let g(w) = 263*w**k + 2*w - w + 259*w**2 - 533*w**2. Determine g(-1).
-12
Let b(i) = i**3 - 14*i**2 + 23*i + 4. Suppose 3*j + 2*m = 36, j - m - 18 = -6. What is b(j)?
-8
Suppose 5 = -8*g - 35. Let t(d) = 11*d - 9. Let f be (-1)/(-2)*-2*(1 + 1). Let h(w) = 5*w - 5. Let j(v) = f*t(v) + 5*h(v). Give j(g).
-22
Let t(k) = 4*k + 3. Suppose 4*q - 5*d - 63 = 0, 10*q - 37 = 8*q - 3*d. Give t(q).
71
Let s(r) be the first derivative of r**2/2 + 7*r - 12. Let n be ((-18)/27 + 0)*3*(0 - -5). What is s(n)?
-3
Let b(q) = -q**2 - q - 1. Let g(s) = -6*s**2 + 17*s - 35. Let r(o) = -5*b(o) + g(o). Let a be r(21). Let j(w) = w**2 + 7*w - 10. Give j(a).
8
Let j(m) = 9*m + 127. Let u be j(-15). Let z(a) = -2*a**3 - 15*a**2 + 10*a + 7. Calculate z(u).
-9
Let a = -203 - -211. Let p(k) = 2*k**2 - a - 1 + 6*k + 5 + 5. Determine p(-5).
21
Let w(q) = -17*q - 42. Let z(g) = 38*g + 95. Let i(b) = 9*w(b) + 4*z(b). Let d(v) = v - 5. Let l be d(6). Give i(l).
1
Let q = 16 + -23. Let z = 10 + q. Let w(s) = -5*s**3 + 6*s - 1 + 7*s + 4*s**z - 6*s**2 - 7*s. What is w(-7)?
6
Suppose -67*n - 123*n + 57*n = -399. Let i(p) = 15*p - 72. Calculate i(n).
-27
Let b(d) be the first derivative of d**3/3 - 5*d**2/2 + d - 675. What is b(6)?
7
Let x(r) = 101*r + 104. Let p be x(-1). Let b = 10 - 8. Let f(o) = b + 1 + 6*o - 3. Give f(p).
18
Let d(l) = -18*l + 72. Let p(y) = 45*y - 157. Let u(g) = 12*d(g) + 5*p(g). Give u(0).
79
Let x = -66 + 66. Let t be x + (3 + -3 - -2*2). Let i(v) = v + 3 + 6 + t. Give i(-11).
2
Let